lculate the highest common factor of x and 22.
11
Let q(i) = 3974*i - 3955*i - 107 - i**3 + 5 - 23*i**2. Let o be q(-24). Calculate the highest common factor of 117 and o.
9
Suppose -w = -0 + 5, 0 = 2*n - w - 9. Suppose -n*f - 2*f = 3*s - 509, -16 = 4*f. Suppose -956 + 1156 = 8*x. What is the highest common factor of x and s?
25
Let m be -2 + 201 + 0 + -9 + 5. Suppose -8*w + m = -717. Calculate the greatest common divisor of 6 and w.
6
Suppose 39*x - 76*x - 27*x + 42816 = 0. What is the highest common divisor of x and 7582?
223
Let u be 36*-3*4/(-1). Let a(z) = 42*z**3 + 6552*z**2 - z - 129. Let g be a(-156). What is the highest common divisor of u and g?
27
Suppose 0 = 6396*i - 6420*i + 168. Suppose -4*l + 43 = -3*r - 169, -2*l + 5*r = -92. Calculate the highest common divisor of l and i.
7
Let t = 3242 - 3210. What is the highest common factor of 304 and t?
16
Let m = 86 + 69. Let u = -73 + m. Suppose -2*t - 14 = -k + 18, -3*k - t = -u. Calculate the highest common divisor of k and 112.
28
Let a(v) = 2*v**2 - 2*v. Suppose 5*i - 3*n - 4 = 0, 4*i = 5*i + 2*n + 7. Let z be a(i). Let y be 1/(2/40) + z. What is the highest common factor of y and 168?
24
Suppose 8*j - 1164 = 396. What is the greatest common factor of j and 1209?
39
Let i be -9*(1 + (1 - 5)). Let s(j) = j - 6. Let q be s(9). Suppose q = -c, 4*r + 4*c = 2*r - 6. Calculate the greatest common divisor of i and r.
3
Let t be (-8)/6*255/10. Let n = t - -69. Let j = n + -15. Calculate the greatest common factor of j and 50.
10
Suppose 13*g - 61319 + 23255 = 0. What is the greatest common divisor of g and 61?
61
Suppose -22*a - 918 = -39*a. Suppose a = -3*g - n + 1845, n + 3 = 0. What is the highest common factor of 46 and g?
46
Let h be 94/(-5 + 153/30). Suppose f = -3*b - 3*f + 1375, -2*b = -2*f - h. Calculate the highest common divisor of 15 and b.
15
Let k(m) = 33*m**3 + 1. Let h be k(1). Let l = 105 + -80. Let g = h - l. What is the greatest common divisor of g and 9?
9
Suppose -14*x + 1502 = 3*g + g, -4*x + g = -412. Calculate the highest common factor of x and 3165.
15
Let r(c) be the third derivative of -c**6/120 + 2*c**5/15 - c**4/2 + 26*c**3/3 - 179*c**2. Let n be r(7). What is the greatest common divisor of n and 187?
17
Let d = 7603 + -779. Calculate the highest common factor of d and 8.
8
Suppose -g + 16*g - 454464 = -9*g. Calculate the greatest common divisor of 72 and g.
72
Suppose 3*a = -8 + 185. Let u be ((-12)/(-3))/(-4*(-4)/24). Suppose 0 = -2*l - u, -i + 8*l - 3*l = -664. What is the greatest common factor of i and a?
59
Let h(i) = -670*i - 26. Let a be h(1). Let r = 1032 + a. Calculate the greatest common divisor of r and 96.
48
Suppose 2*y - 2 = 0, -2*y = -5*w + 2*y + 456. Suppose r + 3*f = 9, 3*f = 5*r - w - 43. What is the greatest common divisor of r and 28?
4
Suppose 22*j = 43320 + 72884. Calculate the highest common divisor of 38 and j.
38
Let y = 22 - -161. Let d = 188 - y. Suppose -7 + 42 = x. What is the highest common factor of x and d?
5
Let x(p) = -p**2 + 67*p - 156. Let z be x(35). Suppose -z*u = -958*u - 132. Calculate the greatest common factor of u and 8.
2
Suppose 25*h + 68 = 24*h. Let o = h + 72. Suppose -o*l - 2 = -18. What is the greatest common divisor of 6 and l?
2
Let z(j) = 2*j**2 + 14*j + 9. Let g be z(-6). Let u be (0 + 4 + g)*450. Calculate the highest common divisor of u and 15.
15
Suppose 0 = 8*h - 546 + 130. Let l = 67 - h. Calculate the highest common divisor of 10 and l.
5
Suppose -32*p + 29*p = 4*t - 229, 3*p - 113 = -2*t. What is the greatest common divisor of 2581 and t?
29
Suppose 43 - 313 = -6*r. Let s be (-2 - (r - -4))/(4 + -3). Let o = 60 + s. What is the greatest common divisor of o and 63?
9
Let p = 3397 + -3246. Calculate the highest common factor of p and 1359.
151
Suppose -24*l + 39*l - 1080 = 0. Let n = -57 + l. Calculate the highest common factor of 240 and n.
15
Let f be 451410/180 + (-30)/36. What is the highest common divisor of 218 and f?
109
Let q = -896 + 898. Suppose -5*c + 3*c = -8. Suppose 6*a - 4*j = a + 299, c*j = q*a - 110. Calculate the highest common divisor of a and 7.
7
Let k = 11623 - 7722. What is the highest common factor of 47 and k?
47
Let o(j) = -98*j - 316. Let d be o(-4). Calculate the greatest common divisor of d and 1596.
76
Let t = -333 + 652. Suppose 355 = 5*p + 5*a - 6*a, 0 = -3*p + 2*a + 213. Let m = -42 + p. Calculate the greatest common divisor of m and t.
29
Suppose 2*g - 64 + 38 = 0. Let i be 3/(-1 - (-3 + 1)). Let z(b) = 36*b - 4. Let o be z(i). What is the highest common divisor of o and g?
13
Suppose 4*s - 3*c - 207 = s, 69 = s - 4*c. Let k = s - 68. What is the highest common divisor of 3 and k?
1
Suppose -126*h + 262321 = -225551. What is the greatest common factor of h and 220?
44
Let f = 6511 + -6455. Calculate the greatest common factor of 6524 and f.
28
Let p = 33 - 20. Suppose 0 = 18*n - 82 - 152. Suppose -274 = n*c - 2133. What is the highest common divisor of c and p?
13
Suppose 67*q = 13607 + 6225. What is the greatest common divisor of q and 74?
74
Let b be -10*42/140 + 1011 + 0. Calculate the greatest common divisor of 560 and b.
112
Let c(r) = -3*r**2 - 13*r + 151. Let m be c(-9). What is the greatest common divisor of 115 and m?
5
Suppose -175*h + 234*h = 33099. Calculate the greatest common factor of h and 85.
17
Let v be (112095/(-12))/(-15) + (5/4 - 0). What is the greatest common factor of v and 56?
8
Let t be 4 + ((-740)/(-3) - (-4)/3). Let h = 287 - t. Calculate the greatest common divisor of 5 and h.
5
Suppose -13*u + 1354 = -4951. Let c = -340 + u. What is the greatest common divisor of c and 116?
29
Let n(s) = s**2 - 12*s + 12. Let w be n(13). Let u = 1558 + -408. Calculate the highest common factor of w and u.
25
Suppose 9*f + 3010 = 14*f. Suppose -3*c = -2*p - 1055, 96 = 2*c + 4*p - f. Calculate the highest common factor of 13 and c.
13
Suppose 0 = 7*o - 8*o + 3. Suppose -o*x + 4*r + 316 = -x, 123 = x + 5*r. What is the greatest common divisor of x and 111?
37
Suppose -1528*n - 172 = -1529*n. What is the greatest common factor of n and 2623?
43
Let j be 31 + -1 - (-2)/1. Let b be (-16)/20 + ((-1194)/(-30) - 8). Let i be (b/(651/(-18)))/((-3)/56). What is the highest common divisor of j and i?
16
Let o(m) = -127*m - 241. Let d be o(-2). Let c = 28 + -15. What is the greatest common divisor of d and c?
13
Let g(x) = -x**3 - 8*x**2 - 17*x - 5. Let h be g(-6). Suppose z - 11 = -2*b, 5*b + 40 = 5*z - 3*z. What is the greatest common divisor of h and z?
5
Let f(a) = 7*a**2 + 254*a - 480. Let l be f(55). Calculate the greatest common divisor of l and 15.
15
Let l = 289 + -283. Let k be (-32)/(-192) - (-131)/l. Calculate the highest common factor of 374 and k.
22
Suppose -4*z + 3 = -5*b + 36, 0 = -4*b - 5*z + 10. Suppose 3*k + b*n = 632, 0 = 5*k - 2*n - 363 - 680. What is the greatest common factor of k and 11?
11
Suppose 2*z = x - 15 - 14, 0 = -x - z + 14. Let j = 245 - 30. Let c = j - 82. What is the greatest common factor of c and x?
19
Let i = -547 + 2105. Calculate the highest common factor of i and 123.
41
Let n = 1523 + -1518. Calculate the highest common divisor of 235 and n.
5
Suppose -345*u = -824*u + 11496. Let w = -67 + 131. Calculate the greatest common divisor of w and u.
8
Let y = 158 + -161. Let z(i) = -118*i - 9. Let t be z(y). What is the highest common factor of t and 138?
69
Let f = -228 - -246. Calculate the highest common divisor of 978 and f.
6
Suppose 0 = 2*t - 12 - 12. Suppose -t*r + 5*r + 189 = 0. Let o = -24 + r. Calculate the greatest common factor of 15 and o.
3
Let z = 55386 - 26443. Calculate the highest common factor of z and 281.
281
Let m = 69 + -45. Let u(r) = -r + 113. Let f be u(17). Suppose -62*i + f = -59*i. Calculate the highest common divisor of m and i.
8
Suppose -22*f + 22*f - 90022 = -19*f. What is the greatest common divisor of f and 46?
46
Let h be 16/(-3)*(9 - 12). Suppose -q = 16 - 80. Let f be q - (36/8 + -4)*0. Calculate the greatest common divisor of h and f.
16
Let q = 4 + 23. Let n be 33/q - 1 - 2/9. Suppose -5*s + 106 + 244 = n. Calculate the greatest common factor of 5 and s.
5
Let a = 1 - -7. Let m(r) = -2*r**3 + 72*r**2 + 9*r + 6. Let k be m(0). What is the highest common factor of k and a?
2
Let s be 0 + 14